er when 4458 is divided by 91.
90
What is the remainder when 911 is divided by 69?
14
What is the remainder when 282 is divided by 114?
54
What is the remainder when 376 is divided by 29?
28
What is the remainder when 75 is divided by 58?
17
Calculate the remainder when 133 is divided by 67.
66
Calculate the remainder when 831 is divided by 64.
63
Calculate the remainder when 9918 is divided by 1652.
6
Calculate the remainder when 12933 is divided by 199.
197
Calculate the remainder when 512 is divided by 73.
1
What is the remainder when 2012 is divided by 657?
41
Calculate the remainder when 59 is divided by 39.
20
Calculate the remainder when 197 is divided by 56.
29
Calculate the remainder when 916 is divided by 13.
6
Calculate the remainder when 108 is divided by 34.
6
Calculate the remainder when 466 is divided by 36.
34
Calculate the remainder when 359 is divided by 8.
7
Calculate the remainder when 347 is divided by 7.
4
What is the remainder when 2011 is divided by 43?
33
What is the remainder when 699 is divided by 47?
41
What is the remainder when 741 is divided by 149?
145
What is the remainder when 119 is divided by 40?
39
Calculate the remainder when 58 is divided by 15.
13
What is the remainder when 130 is divided by 46?
38
What is the remainder when 811 is divided by 801?
10
Calculate the remainder when 23026 is divided by 76.
74
What is the remainder when 181 is divided by 40?
21
What is the remainder when 872 is divided by 9?
8
What is the remainder when 401 is divided by 101?
98
What is the remainder when 1376 is divided by 20?
16
Calculate the remainder when 496 is divided by 7.
6
Calculate the remainder when 1977 is divided by 55.
52
Calculate the remainder when 93 is divided by 4.
1
What is the remainder when 3747 is divided by 6?
3
Calculate the remainder when 12 is divided by 11.
1
Calculate the remainder when 168 is divided by 30.
18
Calculate the remainder when 638 is divided by 69.
17
Calculate the remainder when 1222 is divided by 87.
4
Calculate the remainder when 106 is divided by 27.
25
What is the remainder when 34319 is divided by 88?
87
What is the remainder when 226 is divided by 12?
10
What is the remainder when 258 is divided by 43?
0
Calculate the remainder when 117 is divided by 30.
27
What is the remainder when 123 is divided by 18?
15
What is the remainder when 4547 is divided by 25?
22
What is the remainder when 1332 is divided by 60?
12
Calculate the remainder when 1019 is divided by 3.
2
What is the remainder when 93 is divided by 2?
1
What is the remainder when 1021 is divided by 64?
61
What is the remainder when 22909 is divided by 10?
9
Calculate the remainder when 3892 is divided by 81.
4
What is the remainder when 429 is divided by 108?
105
Calculate the remainder when 1405 is divided by 34.
11
What is the remainder when 78 is divided by 16?
14
Calculate the remainder when 1443 is divided by 476.
15
Calculate the remainder when 260 is divided by 107.
46
Calculate the remainder when 132 is divided by 27.
24
What is the remainder when 579 is divided by 7?
5
What is the remainder when 355 is divided by 190?
165
Calculate the remainder when 59 is divided by 10.
9
What is the remainder when 56 is divided by 23?
10
What is the remainder when 6168 is divided by 14?
8
What is the remainder when 1524 is divided by 44?
28
Calculate the remainder when 4 is divided by 1.
0
Calculate the remainder when 506 is divided by 34.
30
What is the remainder when 267 is divided by 112?
43
What is the remainder when 96 is divided by 29?
9
What is the remainder when 141 is divided by 65?
11
Calculate the remainder when 52 is divided by 24.
4
What is the remainder when 6061 is divided by 8?
5
What is the remainder when 195 is divided by 66?
63
Calculate the remainder when 87 is divided by 18.
15
Calculate the remainder when 198 is divided by 43.
26
Calculate the remainder when 833 is divided by 350.
133
What is the remainder when 312 is divided by 35?
32
Calculate the remainder when 1597 is divided by 231.
211
Calculate the remainder when 1018 is divided by 318.
64
Calculate the remainder when 91 is divided by 34.
23
Calculate the remainder when 368 is divided by 118.
14
Calculate the remainder when 21692 is divided by 21.
20
What is the remainder when 271 is divided by 141?
130
What is the remainder when 362 is divided by 162?
38
What is the remainder when 693 is divided by 178?
159
What is the remainder when 3521 is divided by 586?
5
Calculate the remainder when 94 is divided by 33.
28
Calculate the remainder when 90 is divided by 84.
6
What is the remainder when 74 is divided by 15?
14
Calculate the remainder when 158 is divided by 138.
20
Calculate the remainder when 98 is divided by 17.
13
What is the remainder when 148 is divided by 30?
28
Calculate the remainder when 99 is divided by 21.
15
Calculate the remainder when 323 is divided by 140.
43
What is the remainder when 293 is divided by 284?
9
What is the remainder when 3676 is divided by 6?
4
What is the remainder when 18623 is divided by 125?
123
What is the remainder when 301 is divided by 105?
91
What is the remainder when 11129 is divided by 44?
41
Calculate the remainder when 51 is divided by 27.
24
What is the remainder when 470 is divided by 98?
78
Calculate the remainder when 56 is divided by 15.
11
Calculate the remainder when 62 is divided by 55.
7
What is the remainder when 2333 is divided by 9?
2
What is the remainder when 1363 is divided by 1356?
7
What is the remainder when 44 is divided by 15?
14
What is the remainder when 1124 is divided by 164?
140
Calculate the remainder when 250 is divided by 129.
121
Calculate the remainder when 269 is divided by 91.
87
What is the remainder when 203 is divided by 64?
11
Calculate the remainder when 653 is divided by 310.
33
Calculate the remainder when 282 is divided by 184.
98
Calculate the remainder when 3121 is divided by 9.
7
Calculate the remainder when 220 is divided by 108.
4
What is the remainder when 237 is divided by 15?
12
What is the remainder when 63 is divided by 13?
11
Calculate the remainder when 1801 is divided by 22.
19
Calculate the remainder when 8 is divided by 4.
0
What is the remainder when 2918 is divided by 73?
71
Calculate the remainder when 175 is divided by 91.
84
What is the remainder when 2916 is divided by 968?
12
What is the remainder when 207 is divided by 14?
11
Calculate the remainder when 239 is divided by 8.
7
What is the remainder when 20 is divided by 4?
0
Calculate the remainder when 16683 is divided by 5559.
6
Calculate the remainder when 96 is divided by 18.
6
What is the remainder when 139 is divided by 68?
3
Calculate the remainder when 1269 is divided by 183.
171
What is the remainder when 235 is divided by 40?
35
What is the remainder when 60 is divided by 19?
3
What is the remainder when 342 is divided by 49?
48
Calculate the remainder when 265 is divided by 97.
71
Calculate the remainder when 3165 is divided by 31.
3
Calculate the remainder when 4652 is divided by 212.
200
What is the remainder when 478 is divided by 94?
8
Calculate the remainder when 757 is divided by 69.
67
What is the remainder when 564 is divided by 38?
32
Calculate the remainder when 725 is divided by 66.
65
Calculate the remainder when 172 is divided by 59.
54
Calculate the remainder when 1392 is divided by 17.
15
What is the remainder when 562 is divided by 273?
16
What is the remainder when 1386 is divided by 126?
0
What is the remainder when 311 is divided by 12?
11
What is the remainder when 591 is divided by 46?
39
Calculate the remainder when 178 is divided by 45.
43
Calculate the remainder when 829 is divided by 203.
17
Calculate the remainder when 939 is divided by 6.
3
Calculate the remainder when 869 is divided by 87.
86
What is the remainder when 274 is divided by 14?
8
What is the remainder when 9092 is divided by 35?
27
What is the remainder when 693 is divided by 101?
87
What is the remainder when 272 is divided by 88?
8
What is the remainder when 6201 is divided by 90?
81
Calculate the remainder when 244 is divided by 52.
36
What is the remainder when 118 is divided by 112?
6
Calculate the remainder when 42 is divided by 41.
1
Calculate the remainder when 658 is divide